emainder when 526750 is divided by 279.
277
Calculate the remainder when 314306 is divided by 123.
41
Calculate the remainder when 7941 is divided by 25.
16
Calculate the remainder when 241676 is divided by 6713.
8
What is the remainder when 959489 is divided by 105?
104
Calculate the remainder when 2152 is divided by 180.
172
Calculate the remainder when 1124 is divided by 106.
64
What is the remainder when 180099 is divided by 3752?
3
What is the remainder when 2160 is divided by 1039?
82
Calculate the remainder when 44656 is divided by 308.
304
What is the remainder when 7671 is divided by 197?
185
Calculate the remainder when 3918331 is divided by 443.
439
What is the remainder when 4576 is divided by 905?
51
Calculate the remainder when 784866 is divided by 52.
30
What is the remainder when 922372 is divided by 52?
48
What is the remainder when 1644 is divided by 254?
120
Calculate the remainder when 259199 is divided by 43.
38
What is the remainder when 1312139 is divided by 285?
284
Calculate the remainder when 7543 is divided by 40.
23
Calculate the remainder when 32363 is divided by 249.
242
What is the remainder when 254759 is divided by 1158?
1157
Calculate the remainder when 10078798 is divided by 60.
58
Calculate the remainder when 454179 is divided by 71.
63
Calculate the remainder when 274049 is divided by 223.
205
Calculate the remainder when 21500 is divided by 977.
6
What is the remainder when 40257 is divided by 103?
87
What is the remainder when 43210 is divided by 634?
98
Calculate the remainder when 52916 is divided by 20.
16
Calculate the remainder when 7965 is divided by 578.
451
Calculate the remainder when 27435 is divided by 56.
51
What is the remainder when 67057 is divided by 66984?
73
Calculate the remainder when 146738 is divided by 1322.
1318
Calculate the remainder when 38010 is divided by 37984.
26
What is the remainder when 1140047 is divided by 1092?
1091
What is the remainder when 83706 is divided by 65?
51
Calculate the remainder when 51502 is divided by 79.
73
Calculate the remainder when 87124 is divided by 29041.
1
What is the remainder when 981 is divided by 971?
10
What is the remainder when 8754 is divided by 4371?
12
What is the remainder when 19638 is divided by 113?
89
What is the remainder when 1962 is divided by 15?
12
Calculate the remainder when 615 is divided by 114.
45
What is the remainder when 150598 is divided by 251?
249
Calculate the remainder when 15940 is divided by 5225.
265
What is the remainder when 24871 is divided by 8288?
7
Calculate the remainder when 1847 is divided by 578.
113
Calculate the remainder when 4293 is divided by 778.
403
Calculate the remainder when 1911 is divided by 632.
15
What is the remainder when 4974 is divided by 828?
6
Calculate the remainder when 18530 is divided by 577.
66
Calculate the remainder when 1623 is divided by 400.
23
Calculate the remainder when 148344 is divided by 7805.
49
Calculate the remainder when 6380 is divided by 707.
17
What is the remainder when 230782 is divided by 64?
62
Calculate the remainder when 2561 is divided by 24.
17
Calculate the remainder when 43908 is divided by 861.
858
What is the remainder when 9555 is divided by 1585?
45
Calculate the remainder when 421615 is divided by 52.
51
Calculate the remainder when 536515 is divided by 27.
25
Calculate the remainder when 3396930 is divided by 1883.
1881
What is the remainder when 141439 is divided by 1105?
1104
What is the remainder when 46199 is divided by 525?
524
Calculate the remainder when 197206 is divided by 1001.
9
Calculate the remainder when 767 is divided by 153.
2
What is the remainder when 6989 is divided by 570?
149
Calculate the remainder when 7135 is divided by 652.
615
What is the remainder when 4422 is divided by 2180?
62
What is the remainder when 46150 is divided by 15381?
7
What is the remainder when 123107 is divided by 27?
14
Calculate the remainder when 717 is divided by 50.
17
Calculate the remainder when 476904 is divided by 238420.
64
What is the remainder when 10330 is divided by 302?
62
Calculate the remainder when 4390 is divided by 190.
20
What is the remainder when 1292 is divided by 80?
12
Calculate the remainder when 6061354 is divided by 469.
467
Calculate the remainder when 151 is divided by 47.
10
What is the remainder when 13138 is divided by 2621?
33
Calculate the remainder when 11059 is divided by 316.
315
What is the remainder when 29854 is divided by 32?
30
What is the remainder when 1405 is divided by 1364?
41
What is the remainder when 9492 is divided by 3?
0
What is the remainder when 3521932 is divided by 655?
652
What is the remainder when 79389 is divided by 2562?
2529
Calculate the remainder when 11531 is divided by 15.
11
What is the remainder when 9468 is divided by 21?
18
What is the remainder when 3424 is divided by 1122?
58
Calculate the remainder when 8236 is divided by 2.
0
What is the remainder when 2818 is divided by 637?
270
What is the remainder when 517559 is divided by 6?
5
Calculate the remainder when 51250 is divided by 16.
2
Calculate the remainder when 1094559 is divided by 238.
235
Calculate the remainder when 104381 is divided by 606.
149
What is the remainder when 10734 is divided by 224?
206
What is the remainder when 74709 is divided by 74660?
49
Calculate the remainder when 6936 is divided by 1959.
1059
What is the remainder when 1685 is divided by 284?
265
Calculate the remainder when 1057 is divided by 210.
7
Calculate the remainder when 4009786 is divided by 93.
91
What is the remainder when 58904 is divided by 18?
8
What is the remainder when 276053 is divided by 13?
11
What is the remainder when 789 is divided by 22?
19
Calculate the remainder when 63711 is divided by 6.
3
Calculate the remainder when 245897 is divided by 50.
47
What is the remainder when 18721 is divided by 691?
64
Calculate the remainder when 161007 is divided by 123.
0
Calculate the remainder when 1112 is divided by 266.
48
What is the remainder when 33642 is divided by 2100?
42
What is the remainder when 682891 is divided by 29?
28
What is the remainder when 28049 is divided by 6972?
161
What is the remainder when 15999 is divided by 994?
95
What is the remainder when 7003 is divided by 1750?
3
What is the remainder when 147659 is divided by 214?
213
What is the remainder when 5204 is divided by 100?
4
What is the remainder when 44547 is divided by 86?
85
Calculate the remainder when 4077 is divided by 255.
252
Calculate the remainder when 860813 is divided by 44.
41
Calculate the remainder when 1727 is divided by 35.
12
Calculate the remainder when 2851 is divided by 140.
51
Calculate the remainder when 22127 is divided by 583.
556
What is the remainder when 13968 is divided by 147?
3
Calculate the remainder when 2427099 is divided by 763.
759
Calculate the remainder when 268050 is divided by 89349.
3
Calculate the remainder when 506 is divided by 43.
33
What is the remainder when 61991 is divided by 20660?
11
What is the remainder when 27681 is divided by 369?
6
Calculate the remainder when 366 is divided by 140.
86
Calculate the remainder when 72422 is divided by 39.
38
Calculate the remainder when 3293 is divided by 276.
257
What is the remainder when 7115 is divided by 1773?
23
Calculate the remainder when 2469142 is divided by 34.
28
Calculate the remainder when 31507 is divided by 2622.
43
Calculate the remainder when 3020 is divided by 23.
7
Calculate the remainder when 673 is divided by 275.
123
What is the remainder when 3932 is divided by 481?
84
What is the remainder when 15187 is divided by 62?
59
Calculate the remainder when 110330 is divided by 3.
2
Calculate the remainder when 10345 is divided by 1476.
13
Calculate the remainder when 663623 is divided by 34.
11
Calculate the remainder when 5926 is divided by 1956.
58
What is the remainder when 3155 is divided by 661?
511
What is the remainder when 6628 is divided by 79?
71
Calculate the remainder when 228428 is divided by 38070.
8
Calculate the remainder when 39713 is divided by 256.
33
Calculate the remainder when 367 is divided by 217.
150
What is the remainder when 2643 is divided by 208?
147
Calculate the remainder when 1317819 is divided by 1513.
1509
W